m(1).
0
Let l be ((-1 - -1) + 14)*(-1)/2. Let u(y) = -7*y**2 + 2*y - 3. Let d(m) = 19*m**2 - 7*m + 9. Let x(a) = 4*d(a) + 11*u(a). Determine x(l).
-4
Let x(p) = 5*p + 16. Let v(d) = 3. Let g(k) = -6*v(k) - x(k). Calculate g(-8).
6
Let f(q) = q + 2. Let i(n) be the second derivative of -n**3/2 - 5*n**2/2 + n. Let v(p) = -17*f(p) - 6*i(p). Let l = 267 - 271. Calculate v(l).
-8
Let x(k) = k**2 - 1. Let l(j) = -3*j**2 - 6*j + 6. Suppose -n + 3*n - 5 = t, -t - 5*n + 9 = 0. Let g(a) = t*l(a) - 2*x(a). Give g(-7).
3
Let r(m) = -2*m + 8*m - 3*m + 2. Let j(u) = u**2 - 9*u + 22. Suppose -4*c - 9 = -25. Let t be j(c). What is r(t)?
8
Let w(a) be the second derivative of -a**3/6 + 7*a**2 - 4*a. Suppose 0 = 9*i + 6*i. Give w(i).
14
Let p(m) be the first derivative of m**4/4 - 7*m**3/3 - 5*m**2/2 + 10*m + 43. Determine p(8).
34
Let u(c) = -25 + 2*c + 9 - 5*c. Let v be u(-4). Let m(i) = i**2 + 5*i + 5. Calculate m(v).
1
Let g(q) = q**3 - 7*q**2 - 4*q - 1. Let v = -513 + 521. Calculate g(v).
31
Let n = -31 + 37. Let v(d) = -2*d**2 + 12*d - 7. Calculate v(n).
-7
Let q(k) = -k**3 + 3*k**2 + 5*k - 6. Let m be q(4). Let x(a) = 9*a + 2. Let h(p) = 8*p + 2. Let f(d) = -6*h(d) + 5*x(d). Determine f(m).
4
Let j(x) = -4*x - 1. Let k be j(-8). Suppose 4*y - k = 61. Suppose -2*g + y - 4 = 3*m, m - 15 = -5*g. Let w(u) = u**2 - 5*u + 2. What is w(m)?
2
Let m(g) = 9*g**3 - g**2 + 2*g - 1. Suppose 0 = -3*p - 18 + 6. Let d be (3 - 44/4) + p. Let v be (-1 + 2)*(13 + d). Calculate m(v).
9
Let k(w) be the first derivative of w**4/4 + w**3 + 3*w**2/2 + 2*w - 1. Let t(l) = l**2 - 3*l + 8. Let n be t(0). Let i be (-1 - n/(-2))/(-1). Give k(i).
-7
Let u(i) be the third derivative of -i**4/4 - 4*i**3/3 + 714*i**2. Calculate u(-1).
-2
Suppose 2*y + 43 = -9*j + 4*j, -y + 5*j = -16. Let q(m) = -m**2 - 7*m + 13. Determine q(y).
-5
Let w(g) = -g**2 + 13*g + 3. Let c be w(11). Let x = c - 32. Let t(h) = h**2 + 7*h - 1. Give t(x).
-1
Let i(q) = 4*q. Let n = -3 - -5. Let l be 84/35 + n/(-5). Suppose 3*v + l*v = 10. Determine i(v).
8
Let l = 151/2 + -74. Let d(m) be the second derivative of l*m**2 - 2/3*m**3 - 1/12*m**4 + 4*m + 0. What is d(-4)?
3
Let w(o) = 2*o + 0*o**2 - 2*o**2 - 2 + 2*o**3 - 1. Let d(m) = -m**3 + 82*m**2 + 69*m + 1164. Let t be d(83). Determine w(t).
9
Let p(r) = r**3 - r**2 + 1. Suppose -5*n + 0*t + 36 = t, n - 4*t = 3. Suppose -n*k = -9*k - 2. Calculate p(k).
-1
Let h(q) = q**3 - 6*q**2 + 7*q - 5. Let p be h(5). Let j be (-4)/8 + 0 + p/2. Let i(u) = -4*u + 1. Give i(j).
-7
Let q(h) = -11*h**2 + 23*h - 6. Let t(g) = 7*g**2 - 15*g + 4. Let i(m) = 5*q(m) + 8*t(m). Suppose 0 = -2*w + 5*f + 26, f + 1 = w - 2*w. Calculate i(w).
-4
Let c(z) = 5*z - 1. Let b(h) = -4*h + 1. Let u(n) = 4*n - 1. Let q(x) = 5*b(x) + 6*u(x). Let v(o) = 3*c(o) - 4*q(o). Give v(-5).
6
Let n(y) = -y**3 + 6*y**2 + y - 5. Suppose -4 = 5*k - 9. Suppose 2*j = k + 11. Determine n(j).
1
Let r(h) = h**3 - 6*h**2 + 4*h. Suppose 3*s + 0 = -15. Let f(m) = -m. Let p be f(s). Give r(p).
-5
Let r(p) = -27*p + 5. Let n be r(-3). Suppose -5*x + n = 26. Let y(m) = 3 + 5*m**2 + 5*m**2 - 9*m + 3*m**2 - x*m**2. Calculate y(8).
-5
Let a be ((-2)/(-6))/(-10 + 1084/108). Let i(t) = -2*t + 9. Let k(p) = p - 1. Let s(c) = -i(c) - k(c). Give s(a).
1
Let u be 1/(94/342 - (-8)/(-36)). Let b(h) = -h - 49 + 16 + 13 + u. What is b(6)?
-7
Let z(j) = -33*j - j**3 + 10*j**2 + 18*j + 2*j + 2. Calculate z(9).
-34
Let h(g) be the first derivative of -g**5/120 + g**4/2 + 35*g**3/3 + 18. Let c(o) be the third derivative of h(o). Determine c(10).
2
Let w(d) = 46*d**2 + 4*d + 14. Let f(v) = -15*v**2 - v - 4. Let k(c) = -7*f(c) - 2*w(c). Give k(1).
12
Let a(p) = -10*p**2 - 1. Let c = -63 - -64. What is a(c)?
-11
Let h(d) = 6*d**3 - d**2 + d - 1. Let u = 898 + -897. What is h(u)?
5
Let j(f) be the third derivative of f**5/30 + 3*f**4/8 + f**3/2 + f**2 - 521. Give j(-6).
21
Let r(j) = -13*j**3 + j**2 - 1. Let h be (1/6*8)/(24/18). Determine r(h).
-13
Let d(i) = 1259 - 2514 + i + 1257. What is d(4)?
6
Suppose -4*h = -0*g + 3*g - 187, 3*g = -9. Let y(q) = -h*q - 2 - 53*q + 99*q. Give y(2).
-8
Let p = 1420 - 1413. Let x(w) = -w**2 + 10*w - 31. Calculate x(p).
-10
Let p(q) = q**2 - 2. Let r be p(-3). Let i = r - 5. Let m(d) = d**3 - 2*d**2 - 2. Let l be m(i). Let x(n) = 2*n - 1. What is x(l)?
-5
Suppose 0 = -g - 3 + 4. Let o(x) be the third derivative of -3*x**6/40 - x**5/60 + x**4/24 - 222*x**2. Calculate o(g).
-9
Let q(z) = -z**2 - 13*z - 37. Let w(p) = 2*p**2 + 27*p + 69. Let f(d) = -5*q(d) - 3*w(d). Determine f(-14).
6
Let k(h) = -h**3 - 7*h**2 + 2. Let g = 93 + -100. Determine k(g).
2
Let d = -1453 + 1452. Let w(q) = -8*q**2 + q - q. What is w(d)?
-8
Let s(l) = -5*l + 40. Suppose 2*r = 14*d - 18*d + 34, 0 = -d - 4*r + 12. Give s(d).
0
Let r(z) be the first derivative of z**2 - z + 31. Determine r(6).
11
Let h(k) = 70*k**2 + 82*k**2 + 3*k - 2*k + 2 - 153*k**2. Give h(-3).
-10
Let f(l) = 2*l**3 + 10*l**2 - 5*l - 11. Let v(z) = 5*z**3 + 21*z**2 - 10*z - 23. Let x(r) = 7*f(r) - 3*v(r). Let s = 2097 + -2091. Give x(s).
-2
Let d = -3 - -5. Let m(z) = z**3 - z. Let u(r) = 2*r**3 + 2*r**2 - 4*r + 1. Let s(y) = -5*m(y) + u(y). Calculate s(d).
-13
Suppose 4*z - 6*z + 6 = 0. Let k(s) = -s**3 + s**2 + s. Let w(a) = 3*a**3 - a**2 - 2*a + 2. Let u(n) = -4*k(n) - w(n). Give u(z).
-8
Suppose -i = 3*z + 4, 8*i - 5*z - 52 = 4*i. Suppose -4*n = -57 + 17. Suppose -i*q - n = -3*q. Let g(w) = -w**2 + w + 1. Calculate g(q).
-5
Suppose p + 7 = 1. Let y = p + 10. Let o(a) = -28 - 2*a + 63 - 31. Give o(y).
-4
Let b(s) = -3*s + 0*s - 19 + 2*s + 4*s + 7. Determine b(6).
6
Let r(g) = -5*g + 4. Let n be r(-5). Let h(s) = 63*s - n*s - 33*s - 7. Give h(0).
-7
Let x(a) = -a**2 - 23*a + 15. Let y be x(-24). Let v(k) = 4*k + 13. Determine v(y).
-23
Let x be (13 - 13) + 5 + 1. Let u(j) = -j + 3. Calculate u(x).
-3
Let f(k) = -k - 4. Let z be -30 - -9 - (-10)/(-2). Let t = z - -18. Calculate f(t).
4
Let o = 7 + -3. Suppose -4*a - 12 = c - 2, -5*a = -3*c + o. Let f(d) = 2*d**2 + 4*d + 2. Determine f(a).
2
Let s(a) = 7*a**3 - a**2 + 1. Let y(w) = w**3 + 4*w**2 - 2*w - 3. Let j be y(-4). Let v(c) = -c**3 + 5*c**2 + 1. Let h be v(j). Calculate s(h).
7
Let i(s) be the third derivative of s**6/120 - s**5/10 - s**4/4 - s**3/3 + 12*s**2. Calculate i(7).
5
Let g(x) be the second derivative of -x**5/20 - x**4/6 + x**2/2 - 10*x. Let n be ((-6)/(-4))/((-1)/8*6). Give g(n).
1
Let r(o) = -3*o + 18. Suppose -1939 + 1927 = -2*b. Determine r(b).
0
Suppose 0 = -4*n - 0*n + 8. Let l(k) be the second derivative of 0 + 8*k + 0*k**3 - 1/4*k**4 + 1/2*k**2. Give l(n).
-11
Let j(h) = h**2 + 3*h + 1. Let z = 50 + -29. Let f = 19 - z. Determine j(f).
-1
Let w(n) = 7*n + 75. Let p(f) = 16*f + 159. Let u(z) = -6*p(z) + 13*w(z). Give u(10).
-29
Let q(h) = -9*h**2 - 1448*h - 1 + 2*h**2 + 2896*h - 1448*h. Suppose 2*c + c = 3. Give q(c).
-8
Let g(x) = 2*x**2 - x - 1. Let r(t) = t**2. Let z(p) = p**2 + 6*p - 1. Let o be z(-6). Let w be (2 + -1)*-1 + o. Let q(u) = w*g(u) + 5*r(u). Calculate q(-3).
5
Let z(x) = x**2 - 6*x - 6. Let o(m) = m**2 - m - 23. Let q be o(6). Calculate z(q).
1
Let d(o) = o**2 + 8*o + 5. Suppose 4*j + j + 44 = 2*q, -2*j - 4*q = 8. Calculate d(j).
5
Suppose 0 = -4*t - g + 9, -3*g + 3 = -3*t - 7*g. Suppose 0 = t*h - 4*h + 2. Let f(l) = l**2 - 3*l + 2. Calculate f(h).
0
Let o(q) = 2*q - 24. Let g = -1268 + 1280. What is o(g)?
0
Suppose 4*s - 2*t - 21 = t, -17 = -2*s - 5*t. Let p(k) = 25*k**2 - 55*k**2 + 2*k + 23*k**2 + k**3 + 2*k + 7. Give p(s).
-5
Suppose -3*y - 2*y + 5 = 5*s, 0 = 3*s + 5*y - 5. Suppose s*u = 3*u + 9. Let x(a) be the first derivative of -a**2 - a - 795. Determine x(u).
5
Let o(h) be the second derivative of -h**6/360 + h**5/15 - h**4/6 - 3*h**3/2 - h. Let q(z) be the second derivative of o(z). Calculate q(6).
8
Let j(v) = -4*v - 1. Let u(f) = -3*f. Let w(m) = 4*m. Let o(a) = 3*u(a) + 2*w(a). Let q(y) = -j(y) + 5*o(y). Give q(2).
-1
Let r be -2 - (3 - 6) - (-42)/7. Let z(k) = 6*k + 5. Let t(s) = s + 1. Let f(v) = -5*t(v) + z(v). Calculate f(r).
7
Suppose -u - 57 = 3*d - 4*u, -4*d - 41 = 3*u. Let l(p) = p**3 + 13*p**2 - 16*p - 29. Calculate l(d).
-1
Let u(j) = 3 + 2 + j + 0*j. Suppose 30*b - 32*b = -8. Let d be 3 + -1 + (-33)/3 + b. What is u(d)?
0
Let q(t) be the first der